se 10?
1
Convert -323 (base 9) to base 11.
-220
-13 (base 14) to base 8
-21
What is -2 (base 14) in base 13?
-2
6 (base 12) to base 15
6
13 (base 8) to base 3
102
-1 (base 8) to base 2
-1
0 (base 8) to base 12
0
-3 (base 16) to base 3
-10
Convert -15 (base 15) to base 13.
-17
What is -1 (base 9) in base 8?
-1
What is 21 (base 4) in base 8?
11
Convert 122 (base 7) to base 2.
1000001
What is 13 (base 16) in base 6?
31
What is 442 (base 7) in base 5?
1401
-105 (base 13) to base 7
-336
What is -322 (base 6) in base 16?
-7a
2a (base 16) to base 8
52
-62 (base 9) to base 16
-38
-63 (base 7) to base 6
-113
2 (base 8) to base 16
2
-6c (base 16) to base 6
-300
What is -61 (base 16) in base 4?
-1201
Convert -105 (base 6) to base 10.
-41
Convert -33 (base 11) to base 12.
-30
-73 (base 8) to base 14
-43
What is 78 (base 9) in base 8?
107
1012 (base 3) to base 13
26
What is 15 (base 6) in base 14?
b
What is -15 (base 15) in base 5?
-40
Convert 13 (base 5) to base 9.
8
Convert aa (base 16) to base 6.
442
What is 4a (base 12) in base 3?
2011
Convert 56 (base 11) to base 9.
67
18 (base 10) to base 8
22
Convert 3 (base 9) to base 2.
11
What is 1 (base 11) in base 4?
1
Convert -11 (base 4) to base 16.
-5
-a (base 15) to base 6
-14
What is -15 (base 16) in base 15?
-16
17 (base 12) to base 9
21
What is 0 (base 3) in base 12?
0
Convert -10 (base 15) to base 4.
-33
-43 (base 10) to base 16
-2b
6 (base 15) to base 2
110
What is -2 (base 4) in base 9?
-2
What is 42 (base 11) in base 3?
1201
What is 13 (base 5) in base 2?
1000
What is 2 (base 6) in base 15?
2
What is -1 (base 8) in base 7?
-1
Convert 5 (base 8) to base 10.
5
What is -3 (base 12) in base 16?
-3
What is -19 (base 12) in base 13?
-18
-118 (base 10) to base 9
-141
What is -135 (base 13) in base 6?
-553
Convert -121 (base 3) to base 5.
-31
Convert 4e (base 15) to base 14.
54
Convert -232 (base 4) to base 3.
-1201
-7 (base 11) to base 9
-7
What is 211 (base 6) in base 14?
59
What is -12 (base 4) in base 3?
-20
What is -3 (base 7) in base 14?
-3
-125 (base 8) to base 4
-1111
What is 243 (base 8) in base 5?
1123
-1c (base 15) to base 6
-43
What is -1233 (base 4) in base 14?
-7d
Convert -a (base 13) to base 2.
-1010
0 (base 14) to base 15
0
Convert 2 (base 15) to base 14.
2
5 (base 16) to base 5
10
4 (base 7) to base 12
4
11 (base 3) to base 14
4
-41 (base 9) to base 7
-52
Convert -85 (base 10) to base 5.
-320
What is 4 (base 5) in base 8?
4
What is 56 (base 7) in base 13?
32
-23 (base 11) to base 4
-121
Convert 2212 (base 3) to base 4.
1031
Convert -32 (base 8) to base 15.
-1b
Convert -25 (base 8) to base 2.
-10101
Convert 133 (base 9) to base 16.
6f
What is -3 (base 9) in base 10?
-3
168 (base 10) to base 13
cc
Convert -22 (base 4) to base 8.
-12
0 (base 2) to base 16
0
Convert -2a (base 15) to base 13.
-31
Convert -3 (base 11) to base 7.
-3
Convert -3 (base 11) to base 16.
-3
What is 110 (base 2) in base 9?
6
-10 (base 4) to base 3
-11
Convert -20 (base 9) to base 14.
-14
-3 (base 5) to base 3
-10
62 (base 7) to base 10
44
What is 10100 (base 2) in base 10?
20
What is -12 (base 16) in base 3?
-200
Convert -2 (base 13) to base 14.
-2
What is -4 (base 16) in base 7?
-4
Convert 34 (base 10) to base 6.
54
Convert -10 (base 2) to base 11.
-2
12 (base 11) to base 4
31
What is -6 (base 7) in base 4?
-12
Convert 0 (base 7) to base 11.
0
Convert 4 (base 8) to base 5.
4
-1b (base 16) to base 6
-43
What is -3 (base 6) in base 16?
-3
What is -1333 (base 4) in base 5?
-1002
Convert -103 (base 4) to base 2.
-10011
-c (base 16) to base 12
-10
What is -7 (base 15) in base 16?
-7
What is -202 (base 7) in base 13?
-79
What is 1 (base 4) in base 12?
1
221 (base 4) to base 10
41
-101 (base 2) to base 4
-11
What is -14 (base 11) in base 16?
-f
What is 7 (base 11) in base 12?
7
-2 (base 4) to base 6
-2
What is 121 (base 4) in base 12?
21
Convert -8 (base 16) to base 5.
-13
What is -1f (base 16) in base 13?
-25
What is 11 (base 10) in base 9?
12
7 (base 9) to base 12
7
What is 1 (base 15) in base 11?
1
Convert -9 (base 14) to base 12.
-9
What is 96 (base 16) in base 14?
aa
Convert 34 (base 6) to base 13.
19
Convert -21 (base 3) to base 8.
-7
Convert -22 (base 13) to base 12.
-24
What is 10011 (base 2) in base 4?
103
Convert 101010 (base 2) to base 8.
52
-45 (base 6) to base 5
-104
-110 (base 6) to base 5
-132
Convert 100 (base 2) to base 9.
4
What is -8 (base 14) in base 13?
-8
-11 (base 5) to base 6
-10
What is -13 (base 9) in base 11?
-11
-23 (base 13) to base 11
-27
2 (base 13) to base 4
2
What is -3 (base 10) in base 14?
-3
What is 12 (base 7) in base 14?
9
What is -10101 (base 3) in base 9?
-111
-100 (base 14) to base 6
-524
Convert -a (base 16) to base 4.
-22
What is 21 (base 6) in base 11?
12
Convert b (base 12) to base 8.
13
-3 (base 12) to base 5
-3
What is 108 (base 11) in base 15?
89
1101 (base 2) to base 11
12
3 (base 10) to base 7
3
What is 20 (base 4) in base 16?
8
-5 (base 15) to base 5
-10
What is 2 (base 15) in base 9?
2
-12 (base 7) to base 16
-9
-12 (base 10) to base 14
-c
3b (base 16) to base 4
323
What is 16 (base 8) in base 4?
32
2a (base 14) to base 9
42
Convert -1 (base 16) to base 2.
-1
Convert -253 (base 10) to base 16.
-fd
What is -403 (base 8) in base 15?
-124
What is -11100100 (base 2) in base 6?
-1020
What is 1 (base 2) in base 13?
1
Convert -1aa (base 11) to base 2.
-11110001
Convert -26 (base 16) to base 5.
-123
Convert -1011 (base 3) to base 15.
-21
-125 (base 6) to base 16
-35
Convert -2 (base 3) to base 16.
-2
2 (base 10) to base 13
2
Convert 0 (base 11) to base 15.
0
11201 (base 3) to base 16
7f
Convert 0 (base 2) to base 7.
0
What is 294 (base 10) in base 7?
600
What is 11 (base 6) in base 8?
7
144 (base 8) to base 7
202
What is -116 (base 8) in base 4?
-1032
Convert bc (base 13) to base 10.
155
2 (base 13) to base 8
2
Convert -203 (base 5) to base 15.
-38
Convert -4 (base 7) to base 6.
-4
Convert -41 (base 15) to base 3.
-2021
10 (base 16) to base 11
15
Convert -65 (base 12) to base 10.
-77
What is -143 (base 10) in base 7?
-263
Convert 4 (base 5) to base 15.
4
Convert 2133 (base 4) to base 10.
159
6 (base 11) to base 2
110
Convert 1021 (base 3) to base 10.
34
-2030 (base 4) to base 2
-10001100
3 (base 12) to base 8
3
What is 101 (base 3) in base 5?
20
Convert 4 (base 8) to base 9.
4
What is 9 (base 12) in base 4?
21
What is 3 (base 12) in base 2?
11
Convert -10 (base 5) to base 4.
-11
11 (base 11) to base 3
110
Convert 2 (base 10) to base 2.
10
What is -1 (base 11) in base 9?
-1
What is -35 (base 8) in base 13?
-23
Convert -5 (base 6) to base 12.
-5
What is -1 (base 6) in base 11?
-1
What is 0 (base 4) in base 8?
0
What is 0 (base 11) in base 10?
0
5 (base 13) to base 6
5
Convert 2 (base 6) to base 13.
2
-2 (base 5) to base 12
-2
What is -30 (base 13) in base 10?
-39
What is 1 (base 11) in base 5?
1
Convert 1022 (base 7) to base 6.
1355
-100222 (base 3) to base 2
-100001101
Convert -223 (base 4) to base 5.
-133
Convert 1d (base 15) to base 5.
103
-3 (base 14) to base 4
-3
-10010 (base 2) to base 7
-24
7 (base 14) to base 16
7
What is 7c (base 16) in base 3?
11121
Convert -1 (base 11) to base 4.
-1
210 (base 5) to base 11
50
What is 1 (base 9) in base 5?
1
What is 44 (base 6) in base 10?
28
What is c (base 13) in base 15?
c
-2 (base 6) to base 4
-2
What is 52 (base 7) in base 14?
29
-2 (base 6) to base 7
-2
What is 0 (base 14) in base 4?
0
What is -20 (base 4) in base 12?
-8
Convert -30 (base 14) to base 13.
-33
4 (base 6) to base 2
100
14 (base 16) to base 7
26
Convert 37 (base 8) to base 6.
51
What is -22 (base 6) in base 10?
-14
-10 (base 2) to base 6
-2
a (base 11) to base 6
14
What is -124 (base 6) in base 14?
-3a
What is -2011 (base 3) in base 14?
-42
11 (base 5) to base 4
12
What is -4 (base 12) in base 2?
-100
-12 (base 11) to base 12
-11
What is 35 (base 8) in base 12?
25
2 (base 6) to base 12
2
What is -4 (base 6) in base 3?
-11
What is 16 (base 7) in base 11?
12
Convert 0 (base 8) to base 4.
0
Convert -1010 (base 5) to base 3.
-11211
What is 3b (base 15) in base 2?
111000
-2 (base 15) to base 9
-2
-1 (base 16) to base 8
-1
Convert -56 (base 8) to base 15.
-31
110101 (base 2) to base 6
125
-7b (base 12) to base 2
-1011111
-4e (base 16) to base 4
-1032
What is -2 (base 6) in ba